{"id":8,"date":"2016-02-10T19:56:31","date_gmt":"2016-02-10T18:56:31","guid":{"rendered":"http:\/\/www.sankt-josef-es.de\/wpstes\/?page_id=8"},"modified":"2026-04-12T17:40:52","modified_gmt":"2026-04-12T15:40:52","slug":"willkommen","status":"publish","type":"page","link":"https:\/\/www.sankt-josef-es.de\/wpstes\/","title":{"rendered":"Willkommen"},"content":{"rendered":"<div>\n<!--  \n\n\n<h2 style=\"text-align: center;\"><strong>Herzlich Willkommen auf der Internetseite<\/strong><br \/>\n<strong>der Katholischen Kirchengemeinde St. Josef im Esslinger Norden<\/strong>\n\n\n<\/h2>\n\n \n<\/div>\n\n\n\n\n<hr class=\"regular\" \/>\n--><\/p>\n<div class=\"blog-list-start\"><hr class=\"regular\" \/><h3 style=\"margin-top: 10px; margin-bottom: 10px; text-align: center;\">Terminank\u00fcndigungen und anstehende Veranstaltungen<\/h3><hr class=\"regular\" \/><div class=\"container-blog\"><ul><div class=\"entry-blog-header\"><li><a href=\"https:\/\/www.sankt-josef-es.de\/wpstes\/2026\/04\/22\/gemeinsamer-missiosonntag-in-esslingen\/\">07.06.2026, 10:30 - Gemeinsamer Missio-Sonntag im M\u00fcnster St. Paul<\/a><\/li><\/div><div class=\"entry-blog-header\"><li><a href=\"https:\/\/www.sankt-josef-es.de\/wpstes\/2026\/04\/18\/oeschprozession-an-himmelfahrt-in-sankt-katharina\/\">14.05.2026, 09:00 - \u00d6schprozession an Himmelfahrt in St. Katharina<\/a><\/li><\/div><div class=\"entry-blog-header\"><li><a href=\"https:\/\/www.sankt-josef-es.de\/wpstes\/2026\/04\/18\/13297\/\">06.05.2026, 08:30 - Seniorenausflug \u201eAuf Spurensuche zu M\u00f6nchen und Melanchton\u201c<\/a><\/li><\/div><div class=\"entry-blog-header\"><li><a href=\"https:\/\/www.sankt-josef-es.de\/wpstes\/2026\/04\/18\/maiandachten-in-unseren-gemeinden\/\">Maiandachten in unseren Gemeinden<\/a><\/li><\/div><\/ul><\/div><\/div>\n<div class=\"blog_livestream\" style=\"margin-top: 30px;\">\n<hr class=\"regular\" \/>\n<h3 style=\"text-align: center;\">Gottesdienst live aus dem M\u00fcnster St. Paul im Internet<\/h3>\n<hr class=\"regular\" \/>\n<p><img decoding=\"async\" style=\"float: left; width: 300px; height: 300px;\" src=\"https:\/\/www.sankt-josef-es.de\/wpstes\/wp-content\/uploads\/Neuigkeiten\/20201222Livestream\/Logo_KKE_400x400_LIVE_aus_St-Paul.jpg\" alt=\"\" \/><\/p>\n<p>Viele Esslinger Mitchristen k\u00f6nnen oder m\u00f6chten keinen Gottesdienst besuchen. So sch\u00f6n Fernsehgottesdienste sind \u2013 es fehlen doch die vertraute Kirche und die vertrauten Gesichter aus der eigenen Gemeinde. Deshalb bieten wir seit Weihnachten 2020 an, die Gottesdienste im M\u00fcnster St. Paul live \u00fcber das Internet mitzufeiern.<\/p>\n<p>Sie finden den Gottesdienst auf der Homepage www.katholische-kirche-esslingen.de unter dem Stichwort <a href=\"https:\/\/katholische-kirche-esslingen.de\/impulse-gebete\/livestream-aus-dem-muenster-st-paul\/\" target=\"_blank\" rel=\"noopener noreferrer\"><em><u>\u201eLivestream aus dem M\u00fcnster St. Paul\u201c<\/u><\/em><\/a>.<\/p>\n<p>Herzliche Einladung: Bleiben Sie auf diese Weise mit unserer Gemeinde durch den Gottesdienst verbunden!<\/p>\n<\/div>\n<div class=\"blog-list-start\"><hr class=\"regular\" \/><h3 style=\"margin-top: 10px; margin-bottom: 10px; text-align: center;\">Neues aus der Gemeinde<\/h3><hr class=\"regular\" \/><div class=\"container-blog\"><a href=\"https:\/\/www.sankt-josef-es.de\/wpstes\/2025\/05\/31\/kgr\/\"><div class=\"row_entry_blog\"> <div class=\"entry-blog-thumb-klein\"><img decoding=\"async\" src=\"https:\/\/www.sankt-josef-es.de\/wpstes\/wp-content\/uploads\/KGR\/members\/kgr_thumbs_klein.png\"><\/div><div class=\"entry-blog-header\">Unser Kirchengemeinderat St. Josef mit Aussch\u00fcssen<\/div><\/div><\/a><hr class=\"regular\" \/><a href=\"https:\/\/www.sankt-josef-es.de\/wpstes\/2026\/04\/26\/167-osterlaemmer-gebacken\/\"><div class=\"row_entry_blog\"> <div class=\"entry-blog-thumb-klein\"><img decoding=\"async\" src=\"https:\/\/www.sankt-josef-es.de\/wpstes\/wp-content\/uploads\/Neuigkeiten\/20260426mini\/mini_laemmer_thumbs_klein.jpg\"><\/div><div class=\"entry-blog-header\">167 Osterl\u00e4mmer gebacken<\/div><\/div><\/a><hr class=\"regular\" \/><a href=\"https:\/\/www.sankt-josef-es.de\/wpstes\/2026\/04\/23\/neue-oeffnungszeiten-des-pfarrbueros-ab-1-juni\/\"><div class=\"row_entry_blog\"> <div class=\"entry-blog-thumb-klein\"><img decoding=\"async\" src=\"https:\/\/www.sankt-josef-es.de\/wpstes\/wp-content\/uploads\/Neuigkeiten\/20260423pfarrbuero\/pfarrbuero_thumbs_klein.png\"><\/div><div class=\"entry-blog-header\">Neue \u00d6ffnungszeiten des Pfarrb\u00fcros ab 1. Juni<\/div><\/div><\/a><hr class=\"regular\" \/><a href=\"https:\/\/www.sankt-josef-es.de\/wpstes\/2026\/04\/05\/begleitheft-zur-osterkerze-2026-online\/\"><div class=\"row_entry_blog\"> <div class=\"entry-blog-thumb-klein\"><img decoding=\"async\" src=\"https:\/\/www.sankt-josef-es.de\/wpstes\/wp-content\/uploads\/Neuigkeiten\/20260405osterkerze\/osterkerze_thumbs_klein.png\"><\/div><div class=\"entry-blog-header\">Begleitheft zur Osterkerze 2026 online<\/div><\/div><\/a><hr class=\"regular\" \/><a href=\"https:\/\/www.sankt-josef-es.de\/wpstes\/2026\/03\/02\/fasching-st-josef-2026-fuer-einen-guten-zweck\/\"><div class=\"row_entry_blog\"> <div class=\"entry-blog-thumb-klein\"><img decoding=\"async\" src=\"https:\/\/www.sankt-josef-es.de\/wpstes\/wp-content\/uploads\/Neuigkeiten\/20260302fasching\/fasching_thumbs_klein.png\"><\/div><div class=\"entry-blog-header\">Fasching St. Josef 2026 f\u00fcr einen guten Zweck<\/div><\/div><\/a><hr class=\"regular\" \/><a href=\"https:\/\/www.sankt-josef-es.de\/wpstes\/2026\/03\/01\/seelsorge-in-neuen-strukturen-gemeindeversammlung-im-salemer-pflegehof\/\"><div class=\"row_entry_blog\"> <div class=\"entry-blog-thumb-klein\"><img decoding=\"async\" src=\"https:\/\/www.sankt-josef-es.de\/wpstes\/wp-content\/uploads\/Neuigkeiten\/20260302gemeindeversammlung\/gemeindeversammlung_thumbs_klein.png\"><\/div><div class=\"entry-blog-header\">Seelsorge in neuen Strukturen &#8211; Gemeindeversammlung im Salemer Pflegehof<\/div><\/div><\/a><hr class=\"regular\" \/><\/div><div class=\"blog-archive-link\"><a href=\"https:\/\/www.sankt-josef-es.de\/wpstes\/category\/allgemein \">Wei\u00adte\u00adre Bei\u00adtr\u00e4\u00adge<i class=\"fa fa-arrow-circle-o-right\"><\/i><\/a><hr class=\"regular\" \/><\/div><\/div>\n","protected":false},"excerpt":{"rendered":"<p>Gottesdienst live aus dem M\u00fcnster St. Paul im Internet Viele Esslinger Mitchristen k\u00f6nnen oder m\u00f6chten keinen Gottesdienst besuchen. So sch\u00f6n Fernsehgottesdienste sind \u2013 es fehlen doch die vertraute Kirche und die vertrauten Gesichter aus der eigenen Gemeinde. Deshalb bieten wir<\/p>\n","protected":false},"author":1,"featured_media":0,"parent":0,"menu_order":0,"comment_status":"closed","ping_status":"closed","template":"","meta":{"_acf_changed":false,"iawp_total_views":93,"footnotes":""},"class_list":["post-8","page","type-page","status-publish","hentry"],"acf":[],"publishpress_future_action":{"enabled":false,"date":"2026-05-06 13:21:56","action":"change-status","newStatus":"draft","terms":[],"taxonomy":"","extraData":[]},"publishpress_future_workflow_manual_trigger":{"enabledWorkflows":[]},"_links":{"self":[{"href":"https:\/\/www.sankt-josef-es.de\/wpstes\/wp-json\/wp\/v2\/pages\/8","targetHints":{"allow":["GET"]}}],"collection":[{"href":"https:\/\/www.sankt-josef-es.de\/wpstes\/wp-json\/wp\/v2\/pages"}],"about":[{"href":"https:\/\/www.sankt-josef-es.de\/wpstes\/wp-json\/wp\/v2\/types\/page"}],"author":[{"embeddable":true,"href":"https:\/\/www.sankt-josef-es.de\/wpstes\/wp-json\/wp\/v2\/users\/1"}],"replies":[{"embeddable":true,"href":"https:\/\/www.sankt-josef-es.de\/wpstes\/wp-json\/wp\/v2\/comments?post=8"}],"version-history":[{"count":303,"href":"https:\/\/www.sankt-josef-es.de\/wpstes\/wp-json\/wp\/v2\/pages\/8\/revisions"}],"predecessor-version":[{"id":13176,"href":"https:\/\/www.sankt-josef-es.de\/wpstes\/wp-json\/wp\/v2\/pages\/8\/revisions\/13176"}],"wp:attachment":[{"href":"https:\/\/www.sankt-josef-es.de\/wpstes\/wp-json\/wp\/v2\/media?parent=8"}],"curies":[{"name":"wp","href":"https:\/\/api.w.org\/{rel}","templated":true}]}}

<div>
<!--  


<h2 style="text-align: center;"><strong>Herzlich Willkommen auf der Internetseite</strong><br />
<strong>der Katholischen Kirchengemeinde St. Josef im Esslinger Norden</strong>


</h2>

 
</div>




<hr class="regular" />
--></p>
<div class="blog-list-start"><hr class="regular" /><h3 style="margin-top: 10px; margin-bottom: 10px; text-align: center;">Terminankündigungen und anstehende Veranstaltungen</h3><hr class="regular" /><div class="container-blog"><ul><div class="entry-blog-header"><li><a href="https://www.sankt-josef-es.de/wpstes/2026/04/22/gemeinsamer-missiosonntag-in-esslingen/">07.06.2026, 10:30 - Gemeinsamer Missio-Sonntag im Münster St. Paul</a></li></div><div class="entry-blog-header"><li><a href="https://www.sankt-josef-es.de/wpstes/2026/04/18/oeschprozession-an-himmelfahrt-in-sankt-katharina/">14.05.2026, 09:00 - Öschprozession an Himmelfahrt in St. Katharina</a></li></div><div class="entry-blog-header"><li><a href="https://www.sankt-josef-es.de/wpstes/2026/04/18/13297/">06.05.2026, 08:30 - Seniorenausflug „Auf Spurensuche zu Mönchen und Melanchton“</a></li></div><div class="entry-blog-header"><li><a href="https://www.sankt-josef-es.de/wpstes/2026/04/18/maiandachten-in-unseren-gemeinden/">Maiandachten in unseren Gemeinden</a></li></div></ul></div></div>
<div class="blog_livestream" style="margin-top: 30px;">
<hr class="regular" />
<h3 style="text-align: center;">Gottesdienst live aus dem Münster St. Paul im Internet</h3>
<hr class="regular" />
<p><img decoding="async" style="float: left; width: 300px; height: 300px;" src="https://www.sankt-josef-es.de/wpstes/wp-content/uploads/Neuigkeiten/20201222Livestream/Logo_KKE_400x400_LIVE_aus_St-Paul.jpg" alt="" /></p>
<p>Viele Esslinger Mitchristen können oder möchten keinen Gottesdienst besuchen. So schön Fernsehgottesdienste sind – es fehlen doch die vertraute Kirche und die vertrauten Gesichter aus der eigenen Gemeinde. Deshalb bieten wir seit Weihnachten 2020 an, die Gottesdienste im Münster St. Paul live über das Internet mitzufeiern.</p>
<p>Sie finden den Gottesdienst auf der Homepage www.katholische-kirche-esslingen.de unter dem Stichwort <a href="https://katholische-kirche-esslingen.de/impulse-gebete/livestream-aus-dem-muenster-st-paul/" target="_blank" rel="noopener noreferrer"><em><u>„Livestream aus dem Münster St. Paul“</u></em></a>.</p>
<p>Herzliche Einladung: Bleiben Sie auf diese Weise mit unserer Gemeinde durch den Gottesdienst verbunden!</p>
</div>
<div class="blog-list-start"><hr class="regular" /><h3 style="margin-top: 10px; margin-bottom: 10px; text-align: center;">Neues aus der Gemeinde</h3><hr class="regular" /><div class="container-blog"><a href="https://www.sankt-josef-es.de/wpstes/2025/05/31/kgr/"><div class="row_entry_blog"> <div class="entry-blog-thumb-klein"><img decoding="async" src="https://www.sankt-josef-es.de/wpstes/wp-content/uploads/KGR/members/kgr_thumbs_klein.png"></div><div class="entry-blog-header">Unser Kirchengemeinderat St. Josef mit Ausschüssen</div></div></a><hr class="regular" /><a href="https://www.sankt-josef-es.de/wpstes/2026/04/26/167-osterlaemmer-gebacken/"><div class="row_entry_blog"> <div class="entry-blog-thumb-klein"><img decoding="async" src="https://www.sankt-josef-es.de/wpstes/wp-content/uploads/Neuigkeiten/20260426mini/mini_laemmer_thumbs_klein.jpg"></div><div class="entry-blog-header">167 Osterlämmer gebacken</div></div></a><hr class="regular" /><a href="https://www.sankt-josef-es.de/wpstes/2026/04/23/neue-oeffnungszeiten-des-pfarrbueros-ab-1-juni/"><div class="row_entry_blog"> <div class="entry-blog-thumb-klein"><img decoding="async" src="https://www.sankt-josef-es.de/wpstes/wp-content/uploads/Neuigkeiten/20260423pfarrbuero/pfarrbuero_thumbs_klein.png"></div><div class="entry-blog-header">Neue Öffnungszeiten des Pfarrbüros ab 1. Juni</div></div></a><hr class="regular" /><a href="https://www.sankt-josef-es.de/wpstes/2026/04/05/begleitheft-zur-osterkerze-2026-online/"><div class="row_entry_blog"> <div class="entry-blog-thumb-klein"><img decoding="async" src="https://www.sankt-josef-es.de/wpstes/wp-content/uploads/Neuigkeiten/20260405osterkerze/osterkerze_thumbs_klein.png"></div><div class="entry-blog-header">Begleitheft zur Osterkerze 2026 online</div></div></a><hr class="regular" /><a href="https://www.sankt-josef-es.de/wpstes/2026/03/02/fasching-st-josef-2026-fuer-einen-guten-zweck/"><div class="row_entry_blog"> <div class="entry-blog-thumb-klein"><img decoding="async" src="https://www.sankt-josef-es.de/wpstes/wp-content/uploads/Neuigkeiten/20260302fasching/fasching_thumbs_klein.png"></div><div class="entry-blog-header">Fasching St. Josef 2026 für einen guten Zweck</div></div></a><hr class="regular" /><a href="https://www.sankt-josef-es.de/wpstes/2026/03/01/seelsorge-in-neuen-strukturen-gemeindeversammlung-im-salemer-pflegehof/"><div class="row_entry_blog"> <div class="entry-blog-thumb-klein"><img decoding="async" src="https://www.sankt-josef-es.de/wpstes/wp-content/uploads/Neuigkeiten/20260302gemeindeversammlung/gemeindeversammlung_thumbs_klein.png"></div><div class="entry-blog-header">Seelsorge in neuen Strukturen &#8211; Gemeindeversammlung im Salemer Pflegehof</div></div></a><hr class="regular" /></div><div class="blog-archive-link"><a href="https://www.sankt-josef-es.de/wpstes/category/allgemein ">Wei­te­re Bei­trä­ge<i class="fa fa-arrow-circle-o-right"></i></a><hr class="regular" /></div></div>

<p>Gottesdienst live aus dem Münster St. Paul im Internet Viele Esslinger Mitchristen können oder möchten keinen Gottesdienst besuchen. So schön Fernsehgottesdienste sind – es fehlen doch die vertraute Kirche und die vertrauten Gesichter aus der eigenen Gemeinde. Deshalb bieten wir</p>
