{"id":734,"date":"2016-12-18T17:20:15","date_gmt":"2016-12-18T16:20:15","guid":{"rendered":"http:\/\/www.sankt-josef-es.de\/wpstes\/?page_id=734"},"modified":"2025-03-02T12:31:20","modified_gmt":"2025-03-02T11:31:20","slug":"oeffungszeiten-pfarrbuero","status":"publish","type":"page","link":"https:\/\/www.sankt-josef-es.de\/wpstes\/kontakt\/oeffungszeiten-pfarrbuero\/","title":{"rendered":"\u00d6ffungszeiten Pfarrb\u00fcro"},"content":{"rendered":"<p><strong>B\u00fcrozeiten:<\/strong><\/p>\n<p>Montagnachmittag 16:00 bis 18:00 Uhr<br \/>\nDienstagvormittag 09:00 bis 11:00 Uhr<br \/>\nMittwoch bis Freitag 09:00 bis 12:00 Uhr<\/p>\n","protected":false},"excerpt":{"rendered":"<p>B\u00fcrozeiten: Montagnachmittag 16:00 bis 18:00 Uhr Dienstagvormittag 09:00 bis 11:00 Uhr Mittwoch bis Freitag 09:00 bis 12:00 Uhr<\/p>\n","protected":false},"author":1,"featured_media":0,"parent":842,"menu_order":2,"comment_status":"closed","ping_status":"closed","template":"","meta":{"_acf_changed":false,"iawp_total_views":27,"footnotes":""},"class_list":["post-734","page","type-page","status-publish","hentry"],"acf":[],"publishpress_future_action":{"enabled":false,"date":"2026-05-10 10:22:49","action":"change-status","newStatus":"draft","terms":[],"taxonomy":"","extraData":[]},"publishpress_future_workflow_manual_trigger":{"enabledWorkflows":[]},"_links":{"self":[{"href":"https:\/\/www.sankt-josef-es.de\/wpstes\/wp-json\/wp\/v2\/pages\/734","targetHints":{"allow":["GET"]}}],"collection":[{"href":"https:\/\/www.sankt-josef-es.de\/wpstes\/wp-json\/wp\/v2\/pages"}],"about":[{"href":"https:\/\/www.sankt-josef-es.de\/wpstes\/wp-json\/wp\/v2\/types\/page"}],"author":[{"embeddable":true,"href":"https:\/\/www.sankt-josef-es.de\/wpstes\/wp-json\/wp\/v2\/users\/1"}],"replies":[{"embeddable":true,"href":"https:\/\/www.sankt-josef-es.de\/wpstes\/wp-json\/wp\/v2\/comments?post=734"}],"version-history":[{"count":20,"href":"https:\/\/www.sankt-josef-es.de\/wpstes\/wp-json\/wp\/v2\/pages\/734\/revisions"}],"predecessor-version":[{"id":11089,"href":"https:\/\/www.sankt-josef-es.de\/wpstes\/wp-json\/wp\/v2\/pages\/734\/revisions\/11089"}],"up":[{"embeddable":true,"href":"https:\/\/www.sankt-josef-es.de\/wpstes\/wp-json\/wp\/v2\/pages\/842"}],"wp:attachment":[{"href":"https:\/\/www.sankt-josef-es.de\/wpstes\/wp-json\/wp\/v2\/media?parent=734"}],"curies":[{"name":"wp","href":"https:\/\/api.w.org\/{rel}","templated":true}]}}

Öffungszeiten Pfarrbüro

<p><strong>Bürozeiten:</strong></p>
<p>Montagnachmittag 16:00 bis 18:00 Uhr<br />
Dienstagvormittag 09:00 bis 11:00 Uhr<br />
Mittwoch bis Freitag 09:00 bis 12:00 Uhr</p>

<p>Bürozeiten: Montagnachmittag 16:00 bis 18:00 Uhr Dienstagvormittag 09:00 bis 11:00 Uhr Mittwoch bis Freitag 09:00 bis 12:00 Uhr</p>
