{"id":71,"date":"2016-02-19T18:25:55","date_gmt":"2016-02-19T17:25:55","guid":{"rendered":"http:\/\/www.sankt-josef-es.de\/wpstes\/?page_id=71"},"modified":"2016-12-31T18:34:25","modified_gmt":"2016-12-31T17:34:25","slug":"links","status":"publish","type":"page","link":"https:\/\/www.sankt-josef-es.de\/wpstes\/service\/links\/","title":{"rendered":"Links"},"content":{"rendered":"\n\t\t\t\t\t<div class=\"linkview\" id=\"lvw-sc-id-1\">\n\t\t\t\t\t<div class=\"lvw-category\">\n\t\t\t\t\t\t<h2 class=\"lvw-cat-name\">Katholische Kirche Esslingen<\/h2>\n\t\t\t\t\t<div id=\"lvw-id-1-1\">\n\t\t\t\t\t<ul class=\"lvw-link-list\">\n\t\t\t\t\t\t<li class=\"lvw-list-item\">\n\t\t\t<div class=\"lvw-link kath-kirche\"><div class=\"lvw-item-name\"><a class=\"lvw-anchor\" href=\"http:\/\/www.kath-kirche-es-nt.de\" target=\"_blank\" title=\"Dekanat Esslingen-N\u00fcrtingen (Die Internetpr\u00e4senz des katholischen Dekanats Esslingen-N\u00fcrtingen)\" rel=\"noopener \">Dekanat Esslingen-N\u00fcrtingen<\/a><\/div><\/div><\/li>\n\t\t\t\t\t<\/ul>\n\t\t\t\t\t<\/div>\n\t\t\t\t\t<\/div>\n\t\t\t\t\t<div class=\"lvw-category\">\n\t\t\t\t\t\t<h2 class=\"lvw-cat-name\">Partner<\/h2>\n\t\t\t\t\t<div id=\"lvw-id-1-2\">\n\t\t\t\t\t<ul class=\"lvw-link-list\">\n\t\t\t\t\t\t<li class=\"lvw-list-item\">\n\t\t\t<div class=\"lvw-link partner\"><div class=\"lvw-item-name\"><a class=\"lvw-anchor\" href=\"http:\/\/www.ev-kirche-es-nord.de\/\" target=\"_blank\" title=\"Evangelischen Kirchengemeinde St. Bernhardt zum Hohenkreuz\" rel=\"noopener \">Evangelischen Kirchengemeinde St. Bernhardt zum Hohenkreuz<\/a><\/div><\/div><\/li>\n\t\t\t\t\t<\/ul>\n\t\t\t\t\t<\/div>\n\t\t\t\t\t<\/div>\n\t\t\t\t<\/div>\n","protected":false},"excerpt":{"rendered":"","protected":false},"author":1,"featured_media":0,"parent":840,"menu_order":2,"comment_status":"closed","ping_status":"closed","template":"","meta":{"_acf_changed":false,"iawp_total_views":3,"footnotes":""},"class_list":["post-71","page","type-page","status-publish","hentry"],"acf":[],"publishpress_future_action":{"enabled":false,"date":"2026-05-08 20:54:36","action":"change-status","newStatus":"draft","terms":[],"taxonomy":"","extraData":[]},"publishpress_future_workflow_manual_trigger":{"enabledWorkflows":[]},"_links":{"self":[{"href":"https:\/\/www.sankt-josef-es.de\/wpstes\/wp-json\/wp\/v2\/pages\/71","targetHints":{"allow":["GET"]}}],"collection":[{"href":"https:\/\/www.sankt-josef-es.de\/wpstes\/wp-json\/wp\/v2\/pages"}],"about":[{"href":"https:\/\/www.sankt-josef-es.de\/wpstes\/wp-json\/wp\/v2\/types\/page"}],"author":[{"embeddable":true,"href":"https:\/\/www.sankt-josef-es.de\/wpstes\/wp-json\/wp\/v2\/users\/1"}],"replies":[{"embeddable":true,"href":"https:\/\/www.sankt-josef-es.de\/wpstes\/wp-json\/wp\/v2\/comments?post=71"}],"version-history":[{"count":3,"href":"https:\/\/www.sankt-josef-es.de\/wpstes\/wp-json\/wp\/v2\/pages\/71\/revisions"}],"predecessor-version":[{"id":485,"href":"https:\/\/www.sankt-josef-es.de\/wpstes\/wp-json\/wp\/v2\/pages\/71\/revisions\/485"}],"up":[{"embeddable":true,"href":"https:\/\/www.sankt-josef-es.de\/wpstes\/wp-json\/wp\/v2\/pages\/840"}],"wp:attachment":[{"href":"https:\/\/www.sankt-josef-es.de\/wpstes\/wp-json\/wp\/v2\/media?parent=71"}],"curies":[{"name":"wp","href":"https:\/\/api.w.org\/{rel}","templated":true}]}}

<div class="linkview" id="lvw-sc-id-1">
					<div class="lvw-category">
						<h2 class="lvw-cat-name">Katholische Kirche Esslingen</h2>
					<div id="lvw-id-1-1">
					<ul class="lvw-link-list">
						<li class="lvw-list-item">
			<div class="lvw-link kath-kirche"><div class="lvw-item-name"><a class="lvw-anchor" href="http://www.kath-kirche-es-nt.de" target="_blank" title="Dekanat Esslingen-Nürtingen (Die Internetpräsenz des katholischen Dekanats Esslingen-Nürtingen)" rel="noopener ">Dekanat Esslingen-Nürtingen</a></div></div></li>
					</ul>
					</div>
					</div>
					<div class="lvw-category">
						<h2 class="lvw-cat-name">Partner</h2>
					<div id="lvw-id-1-2">
					<ul class="lvw-link-list">
						<li class="lvw-list-item">
			<div class="lvw-link partner"><div class="lvw-item-name"><a class="lvw-anchor" href="http://www.ev-kirche-es-nord.de/" target="_blank" title="Evangelischen Kirchengemeinde St. Bernhardt zum Hohenkreuz" rel="noopener ">Evangelischen Kirchengemeinde St. Bernhardt zum Hohenkreuz</a></div></div></li>
					</ul>
					</div>
					</div>
				</div>
