{"id":306,"date":"2016-09-17T17:08:23","date_gmt":"2016-09-17T15:08:23","guid":{"rendered":"http:\/\/www.sankt-josef-es.de\/wpstes\/?page_id=306"},"modified":"2026-04-12T17:48:35","modified_gmt":"2026-04-12T15:48:35","slug":"familienkreis-2014","status":"publish","type":"page","link":"https:\/\/www.sankt-josef-es.de\/wpstes\/aktive-gemeinde\/erwachsene-und-senioren\/familienkreise\/familienkreis-2014\/","title":{"rendered":"Familienkreis 2014"},"content":{"rendered":"<p>Wir sind eine, in 2014 neu gegr\u00fcndete Gruppe von derzeit etwa zehn Familien mit \u00fcberwiegend kleinen Kindern, die in den vergangenen Jahren getauft wurden.<\/p>\n<p>Wir treffen uns ungef\u00e4hr alle sechs Wochen sonntags im Gemeindehaus oder auch zu einer Unternehmung.<\/p>\n<p>Wir sind immer noch in der Findungsphase und keine feste Gruppe.<\/p>\n<p>Wir treffen uns zum gegenseitigen Austausch, machen gemeinsame Ausfl\u00fcge oder basteln auch einmal zusammen, beispielsweise vor St. Martin.<br \/>\nImmer wieder bringen wir uns auch ins Gemeindeleben ein. Zum Beispiel gestalten wir ab und zu einen Kindergottesdienst.<\/p>\n<p>\u00dcber weitere interessierte Familien freuen wir uns sehr.<\/p>\n<p>\nBei Interesse melden Sie sich bitte im Pfarrb\u00fcro. Dort erfahren Sie dann, wann wir uns das n\u00e4chste Mal treffen und wer unser Ansprechpartner ist.<\/p>\n<p>&nbsp;<\/p>\n","protected":false},"excerpt":{"rendered":"<p>Wir sind eine, in 2014 neu gegr\u00fcndete Gruppe von derzeit etwa zehn Familien mit \u00fcberwiegend kleinen Kindern, die in den vergangenen Jahren getauft wurden. Wir treffen uns ungef\u00e4hr alle sechs Wochen sonntags im Gemeindehaus oder auch zu einer Unternehmung. Wir<\/p>\n","protected":false},"author":2,"featured_media":0,"parent":303,"menu_order":0,"comment_status":"closed","ping_status":"closed","template":"","meta":{"_acf_changed":false,"iawp_total_views":0,"footnotes":""},"class_list":["post-306","page","type-page","status-publish","hentry"],"acf":[],"publishpress_future_action":{"enabled":false,"date":"2026-05-08 11:15:08","action":"change-status","newStatus":"draft","terms":[],"taxonomy":"","extraData":[]},"publishpress_future_workflow_manual_trigger":{"enabledWorkflows":[]},"_links":{"self":[{"href":"https:\/\/www.sankt-josef-es.de\/wpstes\/wp-json\/wp\/v2\/pages\/306","targetHints":{"allow":["GET"]}}],"collection":[{"href":"https:\/\/www.sankt-josef-es.de\/wpstes\/wp-json\/wp\/v2\/pages"}],"about":[{"href":"https:\/\/www.sankt-josef-es.de\/wpstes\/wp-json\/wp\/v2\/types\/page"}],"author":[{"embeddable":true,"href":"https:\/\/www.sankt-josef-es.de\/wpstes\/wp-json\/wp\/v2\/users\/2"}],"replies":[{"embeddable":true,"href":"https:\/\/www.sankt-josef-es.de\/wpstes\/wp-json\/wp\/v2\/comments?post=306"}],"version-history":[{"count":4,"href":"https:\/\/www.sankt-josef-es.de\/wpstes\/wp-json\/wp\/v2\/pages\/306\/revisions"}],"predecessor-version":[{"id":13177,"href":"https:\/\/www.sankt-josef-es.de\/wpstes\/wp-json\/wp\/v2\/pages\/306\/revisions\/13177"}],"up":[{"embeddable":true,"href":"https:\/\/www.sankt-josef-es.de\/wpstes\/wp-json\/wp\/v2\/pages\/303"}],"wp:attachment":[{"href":"https:\/\/www.sankt-josef-es.de\/wpstes\/wp-json\/wp\/v2\/media?parent=306"}],"curies":[{"name":"wp","href":"https:\/\/api.w.org\/{rel}","templated":true}]}}

<p>Wir sind eine, in 2014 neu gegründete Gruppe von derzeit etwa zehn Familien mit überwiegend kleinen Kindern, die in den vergangenen Jahren getauft wurden.</p>
<p>Wir treffen uns ungefähr alle sechs Wochen sonntags im Gemeindehaus oder auch zu einer Unternehmung.</p>
<p>Wir sind immer noch in der Findungsphase und keine feste Gruppe.</p>
<p>Wir treffen uns zum gegenseitigen Austausch, machen gemeinsame Ausflüge oder basteln auch einmal zusammen, beispielsweise vor St. Martin.<br />
Immer wieder bringen wir uns auch ins Gemeindeleben ein. Zum Beispiel gestalten wir ab und zu einen Kindergottesdienst.</p>
<p>Über weitere interessierte Familien freuen wir uns sehr.</p>
<p>
Bei Interesse melden Sie sich bitte im Pfarrbüro. Dort erfahren Sie dann, wann wir uns das nächste Mal treffen und wer unser Ansprechpartner ist.</p>
<p>&nbsp;</p>

<p>Wir sind eine, in 2014 neu gegründete Gruppe von derzeit etwa zehn Familien mit überwiegend kleinen Kindern, die in den vergangenen Jahren getauft wurden. Wir treffen uns ungefähr alle sechs Wochen sonntags im Gemeindehaus oder auch zu einer Unternehmung. Wir</p>
