{"id":174,"date":"2016-06-10T20:31:14","date_gmt":"2016-06-10T18:31:14","guid":{"rendered":"http:\/\/www.sankt-josef-es.de\/wpstes\/?page_id=174"},"modified":"2026-04-12T18:01:12","modified_gmt":"2026-04-12T16:01:12","slug":"musikgruppe","status":"publish","type":"page","link":"https:\/\/www.sankt-josef-es.de\/wpstes\/aktive-gemeinde\/gottesdienstgestaltung\/musikgruppe\/","title":{"rendered":"Musikgruppe"},"content":{"rendered":"<p>Wir treffen uns ca. 2 &#8211; 3 x pro Monat an wechselnden Wochentagen.<\/p>\n<p>Bitte \u00fcbers Pfarrb\u00fcro Tel. 0711\/3704015 Kontakt zur Bandleaderin aufnehmen.<\/p>\n<p>Wir spielen je nach Anlass in unterschiedlicher Besetzung, m\u00f6glich ist z.B. als Trio Klavier\/Gitarre, E-Ba\u00df\/Kontraba\u00df, Gesang. Das Trio ist beliebig erweiterbar mit Bl\u00e4sern (Querfl\u00f6te, Trompete, Waldhorn, Tuba oder Klarinette) oder Percussion (Cajon, Maracas, Claves) oder mit Hackbrett.<\/p>\n<p>Bei den Auftritten sorgt unser Mann am Mischpult f\u00fcr den guten Klang.<\/p>\n<p>Spielanl\u00e4sse: In der Kirche: Sonntags-Gottesdienst, Taiz\u00e9gebet, Taufe, Krippenspiel-Umrahmung, Erstkommunion, Firmung, Beerdigung oder Hochzeit.<br \/>\nAuch den \u00f6kumenischen Weltgebetstag der Frauen am 1. Freitag im M\u00e4rz umrahmen wir seit 2012.<\/p>\n<p>Auf Festen: Gemeindefest, Geburtstagsst\u00e4ndchen.<\/p>\n<p>Repertoire: Lobpreislieder, neues geistliches Lied, Taiz\u00e9lieder, Instrumentalmusik, Rock- und Pop-Balladen, Soul, Mo-Town-Songs, in der Bl\u00e4serbesetzung auch klassische Gotteslob-Chor\u00e4le.<\/p>\n<hr class=\"regular\" \/>\n<div style=\"text-align: center;\">\n<h3>N\u00e4chste Gottesdienste, die von uns umrahmt werden:<\/h3>\n<\/div>\n<hr class=\"regular\" \/>\n<div id=\"vsel\" class=\"vsel-shortcode vsel-shortcode-upcoming-events\"><p class=\"vsel-no-events\">Keine Veranstaltungen gefunden.<\/p><\/div><\/p>\n","protected":false},"excerpt":{"rendered":"<p>Wir treffen uns ca. 2 &#8211; 3 x pro Monat an wechselnden Wochentagen. Bitte \u00fcbers Pfarrb\u00fcro Tel. 0711\/3704015 Kontakt zur Bandleaderin aufnehmen. Wir spielen je nach Anlass in unterschiedlicher Besetzung, m\u00f6glich ist z.B. als Trio Klavier\/Gitarre, E-Ba\u00df\/Kontraba\u00df, Gesang. Das Trio<\/p>\n","protected":false},"author":1,"featured_media":0,"parent":20,"menu_order":4,"comment_status":"closed","ping_status":"closed","template":"","meta":{"_acf_changed":false,"iawp_total_views":1,"footnotes":""},"class_list":["post-174","page","type-page","status-publish","hentry"],"acf":[],"publishpress_future_action":{"enabled":false,"date":"2026-05-08 18:08:56","action":"change-status","newStatus":"draft","terms":[],"taxonomy":"","extraData":[]},"publishpress_future_workflow_manual_trigger":{"enabledWorkflows":[]},"_links":{"self":[{"href":"https:\/\/www.sankt-josef-es.de\/wpstes\/wp-json\/wp\/v2\/pages\/174","targetHints":{"allow":["GET"]}}],"collection":[{"href":"https:\/\/www.sankt-josef-es.de\/wpstes\/wp-json\/wp\/v2\/pages"}],"about":[{"href":"https:\/\/www.sankt-josef-es.de\/wpstes\/wp-json\/wp\/v2\/types\/page"}],"author":[{"embeddable":true,"href":"https:\/\/www.sankt-josef-es.de\/wpstes\/wp-json\/wp\/v2\/users\/1"}],"replies":[{"embeddable":true,"href":"https:\/\/www.sankt-josef-es.de\/wpstes\/wp-json\/wp\/v2\/comments?post=174"}],"version-history":[{"count":11,"href":"https:\/\/www.sankt-josef-es.de\/wpstes\/wp-json\/wp\/v2\/pages\/174\/revisions"}],"predecessor-version":[{"id":13193,"href":"https:\/\/www.sankt-josef-es.de\/wpstes\/wp-json\/wp\/v2\/pages\/174\/revisions\/13193"}],"up":[{"embeddable":true,"href":"https:\/\/www.sankt-josef-es.de\/wpstes\/wp-json\/wp\/v2\/pages\/20"}],"wp:attachment":[{"href":"https:\/\/www.sankt-josef-es.de\/wpstes\/wp-json\/wp\/v2\/media?parent=174"}],"curies":[{"name":"wp","href":"https:\/\/api.w.org\/{rel}","templated":true}]}}

<p>Wir treffen uns ca. 2 &#8211; 3 x pro Monat an wechselnden Wochentagen.</p>
<p>Bitte übers Pfarrbüro Tel. 0711/3704015 Kontakt zur Bandleaderin aufnehmen.</p>
<p>Wir spielen je nach Anlass in unterschiedlicher Besetzung, möglich ist z.B. als Trio Klavier/Gitarre, E-Baß/Kontrabaß, Gesang. Das Trio ist beliebig erweiterbar mit Bläsern (Querflöte, Trompete, Waldhorn, Tuba oder Klarinette) oder Percussion (Cajon, Maracas, Claves) oder mit Hackbrett.</p>
<p>Bei den Auftritten sorgt unser Mann am Mischpult für den guten Klang.</p>
<p>Spielanlässe: In der Kirche: Sonntags-Gottesdienst, Taizégebet, Taufe, Krippenspiel-Umrahmung, Erstkommunion, Firmung, Beerdigung oder Hochzeit.<br />
Auch den ökumenischen Weltgebetstag der Frauen am 1. Freitag im März umrahmen wir seit 2012.</p>
<p>Auf Festen: Gemeindefest, Geburtstagsständchen.</p>
<p>Repertoire: Lobpreislieder, neues geistliches Lied, Taizélieder, Instrumentalmusik, Rock- und Pop-Balladen, Soul, Mo-Town-Songs, in der Bläserbesetzung auch klassische Gotteslob-Choräle.</p>
<hr class="regular" />
<div style="text-align: center;">
<h3>Nächste Gottesdienste, die von uns umrahmt werden:</h3>
</div>
<hr class="regular" />
<div id="vsel" class="vsel-shortcode vsel-shortcode-upcoming-events"><p class="vsel-no-events">Keine Veranstaltungen gefunden.</p></div></p>

<p>Wir treffen uns ca. 2 &#8211; 3 x pro Monat an wechselnden Wochentagen. Bitte übers Pfarrbüro Tel. 0711/3704015 Kontakt zur Bandleaderin aufnehmen. Wir spielen je nach Anlass in unterschiedlicher Besetzung, möglich ist z.B. als Trio Klavier/Gitarre, E-Baß/Kontrabaß, Gesang. Das Trio</p>
