{"id":122,"date":"2016-06-05T17:26:39","date_gmt":"2016-06-05T15:26:39","guid":{"rendered":"http:\/\/www.sankt-josef-es.de\/wpstes\/?page_id=122"},"modified":"2026-03-09T20:20:58","modified_gmt":"2026-03-09T19:20:58","slug":"morgenlob","status":"publish","type":"page","link":"https:\/\/www.sankt-josef-es.de\/wpstes\/spirituelle-angebote\/morgenlob\/","title":{"rendered":"Morgenlob"},"content":{"rendered":"<p><a href=\"https:\/\/www.sankt-josef-es.de\/wpstes\/wp-content\/uploads\/Bilder_aktGe\/Morgenlob.jpg\" target=\"_blank\" rel=\"noopener noreferrer\"><img decoding=\"async\" style=\"margin-right: 10px; float: left; width: 300px; height: 196px;\" src=\"https:\/\/www.sankt-josef-es.de\/wpstes\/wp-content\/uploads\/Bilder_aktGe\/Morgenlob.jpg\" alt=\"\" \/><\/a>\u201cDas Reich der Schatten weicht zur\u00fcck, das Tageslicht nimmt seinen Lauf,<br \/>\nund strahlend, gleich dem Morgenstern, weckt Christus uns vom Schlafe auf\u201c<br \/>\n<em>Auszug aus dem Hymnus der Laudes<\/em><\/p>\n<p>&nbsp;<\/p>\n<p>&nbsp;<\/p>\n<p><em>Den Morgen neu erleben !<\/em><br \/>\nIn dem 14-t\u00e4tigen Morgenlob k\u00f6nnen wir gemeinsam erleben wie Jesus unser Herz ber\u00fchrt. Wir sch\u00f6pfen dabei Kraft f\u00fcr den Tag, f\u00fcr die Woche und lassen uns mit der Liebe Gottes f\u00fcllen oder wir sagen einfach nur Danke.<\/p>\n<p>In den Gebeten und Psalmen Loben wir Gott.<br \/>\n\u201cDie Psalmen sind Gebetsformulare, die es mit Leben zu f\u00fcllen gilt. Und du sollst deinen eigenen Namen, dein Alter, deine Adresse, deine Lebenssituation und dein ganzes Empfinden in sie eintragen. Deinen Schmerz und deine Freude, dein Gl\u00fcck und deine \u00c4ngste, alles was du liebst und hasst.\u201c <em>Dorothea S\u00f6lle<\/em><\/p>\n<p>Zum Morgenlob treffen wir uns \u2013 au\u00dferhalb der Ferien &#8211; in der Regel 14-t\u00e4gig am Samstag um 8.00 Uhr in der Kirche. Wir beten aus der Gebetsmappe vom \u201eHaus der Stille\u201c.\u00a0 Seien Sie herzlich Willkommen!<\/p>\n<p><strong>N\u00e4chste Treffen:<\/strong><br \/>\n<div id=\"vsel\" class=\"vsel-shortcode vsel-shortcode-upcoming-events\"><div id=\"event-12967\" class=\"vsel-content gottesdienste morgenlob vsel-upcoming vsel-current\"><div class=\"event-single event_box\"><div class=\"event-start_date\"><div class=\"event-dayname\"><p>Sa.<\/p><\/div><div class=\"event-day\"><p>04<\/p><\/div><div class=\"event-month\"><p>Apr.<\/p><\/div><div class=\"event-year\"><p>2026<\/p><\/div><\/div><div class=\"event-meta\"><div class=\"event-title\"><p>Morgenlob<\/p><\/div><div class=\"event-locale\"><p><span class=\"event-start-time\">08:00 Uhr<\/span> <\/p><\/div><div class=\"event_note\"><\/div><\/div><\/div><\/div><div id=\"event-12859\" class=\"vsel-content gottesdienste morgenlob vsel-upcoming vsel-future\"><div class=\"event-single event_box\"><div class=\"event-start_date\"><div class=\"event-dayname\"><p>Sa.<\/p><\/div><div class=\"event-day\"><p>18<\/p><\/div><div class=\"event-month\"><p>Apr.<\/p><\/div><div class=\"event-year\"><p>2026<\/p><\/div><\/div><div class=\"event-meta\"><div class=\"event-title\"><p>Morgenlob<\/p><\/div><div class=\"event-locale\"><p><span class=\"event-start-time\">08:00 Uhr<\/span> <\/p><\/div><div class=\"event_note\"><\/div><\/div><\/div><\/div><div id=\"event-12941\" class=\"vsel-content gottesdienste morgenlob vsel-upcoming vsel-future\"><div class=\"event-single event_box\"><div class=\"event-start_date\"><div class=\"event-dayname\"><p>Sa.<\/p><\/div><div class=\"event-day\"><p>09<\/p><\/div><div class=\"event-month\"><p>Mai<\/p><\/div><div class=\"event-year\"><p>2026<\/p><\/div><\/div><div class=\"event-meta\"><div class=\"event-title\"><p>Morgenlob<\/p><\/div><div class=\"event-locale\"><p><span class=\"event-start-time\">08:00 Uhr<\/span> <\/p><\/div><div class=\"event_note\"><\/div><\/div><\/div><\/div><div id=\"event-12942\" class=\"vsel-content gottesdienste morgenlob vsel-upcoming vsel-future\"><div class=\"event-single event_box\"><div class=\"event-start_date\"><div class=\"event-dayname\"><p>Sa.<\/p><\/div><div class=\"event-day\"><p>30<\/p><\/div><div class=\"event-month\"><p>Mai<\/p><\/div><div class=\"event-year\"><p>2026<\/p><\/div><\/div><div class=\"event-meta\"><div class=\"event-title\"><p>Morgenlob<\/p><\/div><div class=\"event-locale\"><p><span class=\"event-start-time\">08:00 Uhr<\/span> <\/p><\/div><div class=\"event_note\"><\/div><\/div><\/div><\/div><div class=\"vsel-nav\"><\/div><\/div><\/p>\n","protected":false},"excerpt":{"rendered":"<p>\u201cDas Reich der Schatten weicht zur\u00fcck, das Tageslicht nimmt seinen Lauf, und strahlend, gleich dem Morgenstern, weckt Christus uns vom Schlafe auf\u201c Auszug aus dem Hymnus der Laudes &nbsp; &nbsp; Den Morgen neu erleben ! In dem 14-t\u00e4tigen Morgenlob k\u00f6nnen<\/p>\n","protected":false},"author":1,"featured_media":0,"parent":22,"menu_order":1,"comment_status":"closed","ping_status":"closed","template":"","meta":{"_acf_changed":false,"footnotes":""},"class_list":["post-122","page","type-page","status-publish","hentry"],"acf":[],"publishpress_future_action":{"enabled":false,"date":"2026-04-21 10:47:30","action":"change-status","newStatus":"draft","terms":[],"taxonomy":"","extraData":[]},"publishpress_future_workflow_manual_trigger":{"enabledWorkflows":[]},"_links":{"self":[{"href":"https:\/\/www.sankt-josef-es.de\/wpstes\/wp-json\/wp\/v2\/pages\/122","targetHints":{"allow":["GET"]}}],"collection":[{"href":"https:\/\/www.sankt-josef-es.de\/wpstes\/wp-json\/wp\/v2\/pages"}],"about":[{"href":"https:\/\/www.sankt-josef-es.de\/wpstes\/wp-json\/wp\/v2\/types\/page"}],"author":[{"embeddable":true,"href":"https:\/\/www.sankt-josef-es.de\/wpstes\/wp-json\/wp\/v2\/users\/1"}],"replies":[{"embeddable":true,"href":"https:\/\/www.sankt-josef-es.de\/wpstes\/wp-json\/wp\/v2\/comments?post=122"}],"version-history":[{"count":5,"href":"https:\/\/www.sankt-josef-es.de\/wpstes\/wp-json\/wp\/v2\/pages\/122\/revisions"}],"predecessor-version":[{"id":12874,"href":"https:\/\/www.sankt-josef-es.de\/wpstes\/wp-json\/wp\/v2\/pages\/122\/revisions\/12874"}],"up":[{"embeddable":true,"href":"https:\/\/www.sankt-josef-es.de\/wpstes\/wp-json\/wp\/v2\/pages\/22"}],"wp:attachment":[{"href":"https:\/\/www.sankt-josef-es.de\/wpstes\/wp-json\/wp\/v2\/media?parent=122"}],"curies":[{"name":"wp","href":"https:\/\/api.w.org\/{rel}","templated":true}]}}